{"id":954,"date":"2019-01-08T11:42:38","date_gmt":"2019-01-08T09:42:38","guid":{"rendered":"http:\/\/nti.ukrintei.ua\/?page_id=954"},"modified":"2019-01-08T11:44:14","modified_gmt":"2019-01-08T09:44:14","slug":"%d0%bd%d0%b0%d1%83%d0%ba%d0%b0-%d1%82%d0%b5%d1%85%d0%bd%d0%be%d0%bb%d0%be%d0%b3%d1%96%d1%97-%d1%96%d0%bd%d0%bd%d0%be%d0%b2%d0%b0%d1%86%d1%96%d1%97-%e2%84%9622-2017-29-36-%d1%81","status":"publish","type":"page","link":"https:\/\/nti.ukrintei.ua\/?page_id=954","title":{"rendered":"\u041d\u0430\u0443\u043a\u0430 \u0442\u0435\u0445\u043d\u043e\u043b\u043e\u0433\u0456\u0457 \u0456\u043d\u043d\u043e\u0432\u0430\u0446\u0456\u0457 \u21162(2)-2017, 29-36 \u0441"},"content":{"rendered":"<p><a title=\"\u041f\u043e\u0432\u043d\u0430 \u0441\u0442\u0430\u0442\u0442\u044f\" href=\"\/wp-content\/uploads\/2018\/05\/2017-2_stat4_UA_povn.pdf\"><img loading=\"lazy\" class=\"alignnone size-full wp-image-359\" src=\"\/wp-content\/uploads\/2018\/05\/pdf-icon.png\" alt=\"\" width=\"32\" height=\"32\" \/>PDF<\/a><\/p>\n<p><strong>\u0410\u043d\u0434\u0440\u043e\u0449\u0443\u043a \u0413\u0435\u043d\u043d\u0430\u0434\u0456\u0439 \u041e\u043b\u0435\u043a\u0441\u0430\u043d\u0434\u0440\u043e\u0432\u0438\u0447<\/strong> \u2014 \u043a\u0430\u043d\u0434. \u0435\u043a\u043e\u043d. \u043d\u0430\u0443\u043a, \u0434\u043e\u0446\u0435\u043d\u0442, \u0433\u043e\u043b\u043e\u0432\u043d\u0438\u0439 \u043d\u0430\u0443\u043a\u043e\u0432\u0438\u0439 \u0441\u043f\u0456\u0432\u0440\u043e\u0431\u0456\u0442\u043d\u0438\u043a, \u0437\u0430\u0432\u0456\u0434\u0443\u0432\u0430\u0447 \u043b\u0430\u0431\u043e\u0440\u0430\u0442\u043e\u0440\u0456\u0457 \u043f\u0440\u0430\u0432\u043e\u0432\u043e\u0433\u043e \u0437\u0430\u0431\u0435\u0437\u043f\u0435\u0447\u0435\u043d\u043d\u044f \u0440\u043e\u0437\u0432\u0438\u0442\u043a\u0443 \u043d\u0430\u0443\u043a\u0438 \u0456 \u0442\u0435\u0445\u043d\u043e\u043b\u043e\u0433\u0456\u0439 \u041d\u0414\u0406 \u0456\u043d\u0442\u0435\u043b\u0435\u043a\u0442\u0443\u0430\u043b\u044c\u043d\u043e\u0457 \u0432\u043b\u0430\u0441\u043d\u043e\u0441\u0442\u0456 \u041d\u0410\u041f\u0440\u041d \u0423\u043a\u0440\u0430\u0457\u043d\u0438, \u0432\u0443\u043b. \u041a\u0430\u0437\u0438\u043c\u0456\u0440\u0430 \u041c\u0430\u043b\u0435\u0432\u0438\u0447\u0430, 11, \u043a\u043e\u0440\u043f. 4, \u043c. \u041a\u0438\u0457\u0432, \u0423\u043a\u0440\u0430\u0457\u043d\u0430, 03680; +38 (044) 200-08-76; genandro1@gmail.com<\/p>\n<p><strong>\u0410\u0414\u0418\u0422\u0418\u0412\u041d\u0406 \u0422\u0415\u0425\u041d\u041e\u041b\u041e\u0413\u0406\u0407: \u041f\u0415\u0420\u0421\u041f\u0415\u041a\u0422\u0418\u0412\u0418 \u0406 \u041f\u0420\u041e\u0411\u041b\u0415\u041c\u0418 3D-\u0414\u0420\u0423\u041a\u0423\u00a0(\u0406\u0406 \u0427\u0410\u0421\u0422\u0418\u041d\u0410)<\/strong><\/p>\n<p><strong>\u0420\u0435\u0437\u044e\u043c\u0435.<\/strong> \u0410\u0434\u0438\u0442\u0438\u0432\u043d\u0456 \u0442\u0435\u0445\u043d\u043e\u043b\u043e\u0433\u0456\u0457 \u0430\u0431\u043e \u0442\u0435\u0445\u043d\u043e\u043b\u043e\u0433\u0456\u0457 \u043f\u043e\u0448\u0430\u0440\u043e\u0432\u043e\u0433\u043e \u0441\u0438\u043d\u0442\u0435\u0437\u0443, 3D\u0434\u0440\u0443\u043a \u2013 \u0441\u044c\u043e\u0433\u043e\u0434\u043d\u0456 \u043e\u0434\u0438\u043d \u0456\u0437 \u043d\u0430\u0439\u0431\u0456\u043b\u044c\u0448 \u0434\u0438\u043d\u0430\u043c\u0456\u0447\u043d\u0438\u0445 \u043d\u0430\u043f\u0440\u044f\u043c\u0456\u0432 \u201c\u0446\u0438\u0444\u0440\u043e\u0432\u043e\u0433\u043e\u201d \u0432\u0438\u0440\u043e\u0431\u043d\u0438\u0446\u0442\u0432\u0430. \u041f\u0440\u043e\u0432\u0435\u0434\u0435\u043d\u0438\u0439 \u0435\u043a\u043e\u043d\u043e\u043c\u0456\u043a\u043e-\u043f\u0440\u0430\u0432\u043e\u0432\u0438\u0439 \u0430\u043d\u0430\u043b\u0456\u0437 \u043f\u043e\u043a\u0430\u0437\u0430\u0432, \u0449\u043e \u0432\u043e\u043d\u0438 \u0434\u043e\u0437\u0432\u043e\u043b\u044f\u044e\u0442\u044c \u0437\u043d\u0430\u0447\u043d\u043e \u043f\u0440\u0438\u0441\u043a\u043e\u0440\u0438\u0442\u0438 \u0432\u0438\u043a\u043e\u043d\u0430\u043d\u043d\u044f \u041d\u0414\u0414\u041a\u0420 \u0456 \u0432\u0438\u0440\u0456\u0448\u0435\u043d\u043d\u044f \u0437\u0430\u0434\u0430\u0447 \u043f\u0456\u0434\u0433\u043e\u0442\u043e\u0432\u043a\u0438 \u0432\u0438\u0440\u043e\u0431\u043d\u0438\u0446\u0442\u0432\u0430, \u0432\u0438\u0433\u043e\u0442\u043e\u0432\u043b\u0435\u043d\u043d\u044f \u043f\u0440\u043e\u0434\u0443\u043a\u0446\u0456\u0457. \u0422\u0435\u0445\u043d\u043e\u043b\u043e\u0433\u0456\u0457 \u043c\u043e\u0436\u0443\u0442\u044c \u0437\u0431\u0456\u043b\u044c\u0448\u0438\u0442\u0438 \u0432 \u0441\u0435\u0440\u0435\u0434\u043d\u044c\u043e\u043c\u0443 \u043d\u0430 23% \u043f\u0440\u0438\u0431\u0443\u0442\u043a\u043e\u0432\u0456\u0441\u0442\u044c\u00a0 \u0432\u0438\u0440\u043e\u0431\u043d\u0438\u0446\u0442\u0432\u0430 \u043e\u043a\u0440\u0435\u043c\u043e\u0457 \u043e\u0434\u0438\u043d\u0438\u0446\u0456 \u043f\u0440\u043e\u0434\u0443\u043a\u0446\u0456\u0457 \u0456 \u0437\u043c\u0435\u043d\u0448\u0438\u0442\u0438 \u0431\u0430\u0440\u2019\u0454\u0440\u0438 \u0434\u043b\u044f \u043e\u0440\u0433\u0430\u043d\u0456\u0437\u0430\u0446\u0456\u0457 \u0432\u0438\u0440\u043e\u0431\u043d\u0438\u0446\u0442\u0432\u0430 \u043d\u0430 90%. 3D-\u0434\u0440\u0443\u043a \u0437\u0434\u0430\u0442\u043d\u0438\u0439 \u0437\u0434\u0456\u0439\u0441\u043d\u0438\u0442\u0438 \u0440\u0435\u0432\u043e\u043b\u044e\u0446\u0456\u044e \u0432 \u0431\u0430\u0433\u0430\u0442\u044c\u043e\u0445 \u0441\u0444\u0435\u0440\u0430\u0445 \u0436\u0438\u0442\u0442\u044f. \u0417\u0430 \u0434\u0438\u043d\u0430\u043c\u0456\u043a\u043e\u044e \u0440\u043e\u0437\u0432\u0438\u0442\u043a\u0443 \u0440\u0438\u043d\u043e\u043a \u0430\u0434\u0438\u0442\u0438\u0432\u043d\u0438\u0445 \u0442\u0435\u0445\u043d\u043e\u043b\u043e\u0433\u0456\u0439 \u0432\u0438\u043f\u0435\u0440\u0435\u0434\u0436\u0430\u0454 \u0456\u043d\u0448\u0456 \u0433\u0430\u043b\u0443\u0437\u0456 \u0432\u0438\u0440\u043e\u0431\u043d\u0438\u0446\u0442\u0432\u0430. \u0412\u043e\u0434\u043d\u043e\u0447\u0430\u0441 \u043f\u0435\u0440\u0441\u043e\u043d\u0430\u043b\u044c\u043d\u0438\u0439 3D-\u0434\u0440\u0443\u043a \u043f\u043e\u0442\u0435\u043d\u0446\u0456\u0439\u043d\u043e \u0432\u0438\u043a\u043b\u0438\u043a\u0430\u0454 \u043f\u0440\u043e\u0431\u043b\u0435\u043c\u0438 \u0443 \u0432\u0438\u0433\u043b\u044f\u0434\u0456 \u0432\u0435\u043b\u0438\u043a\u043e\u043c\u0430\u0441\u0448\u0442\u0430\u0431\u043d\u043e\u0433\u043e \u043f\u043e\u0440\u0443\u0448\u0435\u043d\u043d\u044f \u043a\u043e\u0440\u0438\u0441\u0442\u0443\u0432\u0430\u0447\u0430\u043c\u0438 \u043f\u0440\u0430\u0432 \u0456\u043d\u0442\u0435\u043b\u0435\u043a\u0442\u0443\u0430\u043b\u044c\u043d\u043e\u0457 \u0432\u043b\u0430\u0441\u043d\u043e\u0441\u0442\u0456. \u0417\u0430 \u043e\u0446\u0456\u043d\u043a\u0430\u043c\u0438 \u0444\u0430\u0445\u0456\u0432\u0446\u0456\u0432, \u0435\u043a\u043e\u043d\u043e\u043c\u0456\u0447\u043d\u0456 \u0437\u0431\u0438\u0442\u043a\u0438 \u0432\u0456\u0434 \u0432\u0438\u043a\u043e\u0440\u0438\u0441\u0442\u0430\u043d\u043d\u044f 3D\u0434\u0440\u0443\u043a\u0443, \u0437\u0430\u0432\u0434\u0430\u043d\u0456 \u0456\u043d\u0442\u0435\u043b\u0435\u043a\u0442\u0443\u0430\u043b\u044c\u043d\u0456\u0439 \u0432\u043b\u0430\u0441\u043d\u043e\u0441\u0442\u0456, \u0434\u043e 2018 \u0440. \u0441\u0442\u0430\u043d\u043e\u0432\u0438\u0442\u0438\u043c\u0443\u0442\u044c 100 \u043c\u043b\u0440\u0434\u00a0\u0434\u043e\u043b\u0430\u0440\u0456\u0432 \u0421\u0428\u0410. \u0412\u0456\u0434\u0441\u0442\u0430\u0432\u0430\u043d\u043d\u044f \u0423\u043a\u0440\u0430\u0457\u043d\u0438 \u0432\u0456\u0434 \u0434\u0435\u0440\u0436\u0430\u0432, \u0449\u043e \u043b\u0456\u0434\u0438\u0440\u0443\u044e\u0442\u044c \u0443 \u0446\u0456\u0439 \u0433\u0430\u043b\u0443\u0437\u0456, \u043f\u0440\u043e\u0434\u043e\u0432\u0436\u0443\u0454 \u043d\u0430\u0440\u043e\u0441\u0442\u0430\u0442\u0438, \u043e\u0441\u043e\u0431\u043b\u0438\u0432\u043e \u044f\u043a\u0449\u043e \u0432\u0437\u044f\u0442\u0438 \u0434\u043e \u0443\u0432\u0430\u0433\u0438 \u0441\u043a\u043e\u043e\u0440\u0434\u0438\u043d\u043e\u0432\u0430\u043d\u0456 \u0437\u0443\u0441\u0438\u043b\u043b\u044f \u0443\u0440\u044f\u0434\u0456\u0432, \u043f\u0440\u043e\u043c\u0438\u0441\u043b\u043e\u0432\u043e\u0441\u0442\u0456 \u0442\u0430 \u0430\u043a\u0430\u0434\u0435\u043c\u0456\u0447\u043d\u0438\u0445 \u0456\u043d\u0441\u0442\u0438\u0442\u0443\u0442\u0456\u0432 \u043a\u0440\u0430\u0457\u043d-\u043b\u0456\u0434\u0435\u0440\u0456\u0432, \u0441\u043f\u0440\u044f\u043c\u043e\u0432\u0430\u043d\u0456 \u043d\u0430 \u043f\u043e\u0448\u0438\u0440\u0435\u043d\u043d\u044f \u0430\u0434\u0438\u0442\u0438\u0432\u043d\u043e\u0433\u043e \u0432\u0438\u0440\u043e\u0431\u043d\u0438\u0446\u0442\u0432\u0430 \u0432 \u043f\u0440\u043e\u043c\u0438\u0441\u043b\u043e\u0432\u043e\u0441\u0442\u0456. \u0412\u043f\u0440\u043e\u0432\u0430\u0434\u0436\u0435\u043d\u043d\u044f \u0446\u0438\u0445 \u0442\u0435\u0445\u043d\u043e\u043b\u043e\u0433\u0456\u0439 \u043d\u0435\u043c\u043e\u0436\u043b\u0438\u0432\u0435 \u0431\u0435\u0437 \u0456\u043d\u0432\u0435\u0441\u0442\u0438\u0446\u0456\u0439 \u0443 \u0444\u0443\u043d\u0434\u0430\u043c\u0435\u043d\u0442\u0430\u043b\u044c\u043d\u0456 \u0439 \u043f\u0440\u0438\u043a\u043b\u0430\u0434\u043d\u0456 \u0434\u043e\u0441\u043b\u0456\u0434\u0436\u0435\u043d\u043d\u044f. \u0414\u043e\u0441\u0432\u0456\u0434 \u0456\u043d\u0448\u0438\u0445 \u043a\u0440\u0430\u0457\u043d \u043f\u043e\u043a\u0430\u0437\u0443\u0454, \u0449\u043e \u0442\u0430\u043a\u0435 \u0437\u0430\u0432\u0434\u0430\u043d\u043d\u044f \u043d\u0435 \u043c\u043e\u0436\u0435 \u0431\u0443\u0442\u0438 \u0432\u0438\u0440\u0456\u0448\u0435\u043d\u0435 \u0431\u0435\u0437 \u0456\u0441\u0442\u043e\u0442\u043d\u043e\u0457 \u0443\u0447\u0430\u0441\u0442\u0456 \u0443\u0440\u044f\u0434\u0443 \u0456 \u043f\u0440\u043e\u0434\u0443\u043c\u0430\u043d\u0438\u0445 \u0444\u0456\u043d\u0430\u043d\u0441\u043e\u0432\u0438\u0445 \u0441\u0442\u0438\u043c\u0443\u043b\u0456\u0432. \u0420\u043e\u0437\u0432\u0438\u0442\u043e\u043a \u0446\u0456\u0454\u0457 \u043d\u0430\u0443\u043a\u043e\u043c\u0456\u0441\u0442\u043a\u043e\u0457 \u0433\u0430\u043b\u0443\u0437\u0456 \u0454 \u043e\u0441\u043d\u043e\u0432\u043e\u044e \u0442\u0435\u0445\u043d\u043e\u043b\u043e\u0433\u0456\u0447\u043d\u043e\u0457 \u0431\u0435\u0437\u043f\u0435\u043a\u0438 \u0456 \u043d\u0435\u0437\u0430\u043b\u0435\u0436\u043d\u043e\u0441\u0442\u0456 \u043a\u0440\u0430\u0457\u043d\u0438.<\/p>\n<p><strong>\u041a\u043b\u044e\u0447\u043e\u0432\u0456 \u0441\u043b\u043e\u0432\u0430:<\/strong> \u0430\u0434\u0438\u0442\u0438\u0432\u043d\u0456 \u0442\u0435\u0445\u043d\u043e\u043b\u043e\u0433\u0456\u0457, \u0432\u0456\u0434\u043a\u0440\u0438\u0442\u0456 \u0456\u043d\u043d\u043e\u0432\u0430\u0446\u0456\u0457, \u0432\u0438\u043d\u0430\u0445\u0456\u0434\u043d\u0438\u0446\u044c\u043a\u0430 \u0430\u043a\u0442\u0438\u0432\u043d\u0456\u0441\u0442\u044c, 3D-\u0434\u0440\u0443\u043a, \u0456\u043d\u0442\u0435\u043b\u0435\u043a\u0442\u0443\u0430\u043b\u044c\u043d\u0430 \u0432\u043b\u0430\u0441\u043d\u0456\u0441\u0442\u044c, \u043f\u0430\u0442\u0435\u043d\u0442\u043d\u0438\u0439 \u043b\u0430\u043d\u0434\u0448\u0430\u0444\u0442.<\/p>\n<p><strong>\u0421\u041f\u0418\u0421\u041e\u041a \u0412\u0418\u041a\u041e\u0420\u0418\u0421\u0422\u0410\u041d\u0418\u0425 \u0414\u0416\u0415\u0420\u0415\u041b<\/strong><br \/>\n1. \u0410\u043d\u0434\u0440\u043e\u0449\u0443\u043a \u0413.\u041e. 3D-\u0434\u0440\u0443\u043a \u0432 \u0435\u043f\u043e\u0445\u0443 \u0456\u043d\u043d\u043e\u0432\u0430\u0446\u0456\u0439\u043d\u0438\u0445 \u0442\u0435\u0445\u043d\u043e\u043b\u043e\u0433\u0456\u0439: \u043f\u0440\u043e\u0431\u043b\u0435\u043c\u0438 \u0440\u0435\u0433\u0443\u043b\u044e\u0432\u0430\u043d\u043d\u044f \/ \u0413.\u041e. \u0410\u043d\u0434\u0440\u043e\u0449\u0443\u043a, \u042f.\u0412. \u041a\u043e\u043f\u0438\u043b \/\/ \u0406\u043d\u0442\u0435\u043b\u0435\u043a\u0442\u0443\u0430\u043b\u044c\u043d\u0430 \u0432\u043b\u0430\u0441\u043d\u0456\u0441\u0442\u044c \u0432 \u0423\u043a\u0440\u0430\u0457\u043d\u0456. \u2014 2016. \u2014 \u2116 5. \u2014 \u0421. 17\u201326.<br \/>\n2. World Intellectual Property Report Breakthrough Innovation and Economic Growth [electronic resource]. \u2014 Access: http:\/\/www.wipo.int\/edocs\/ pubdocs\/en\/wipo_pub_944_2015.pdf.<br \/>\n3. Wohlers T. Wohlers report 2014: Additivemanufacturingand 3Dprintingstateoftheindustry: Annualworld-wideprogressreport, Wohlers Associates, 2014. \u2014 276 p.<br \/>\n4. \u0421\u043c\u0438\u0440\u043d\u043e\u0432 \u0412.\u0412. \u041f\u0435\u0440\u0441\u043f\u0435\u043a\u0442\u0438\u0432\u044b \u0440\u0430\u0437\u0432\u0438\u0442\u0438\u044f \u0430\u0434\u0434\u0438\u0442\u0438\u0432\u043d\u043e\u0433\u043e \u043f\u0440\u043e\u0438\u0437\u0432\u043e\u0434\u0441\u0442\u0432\u0430 \u0432 \u0440\u043e\u0441\u0441\u0438\u0439\u0441\u043a\u043e\u0439 \u043f\u0440\u043e\u043c\u044b\u0448\u043b\u0435\u043d\u043d\u043e\u0441\u0442\u0438. \u041e\u043f\u044b\u0442 \u0424\u0413\u0411\u041e\u0423 \u0423\u0413\u0410\u0422\u0423 \/ \u0412.\u0412. \u0421\u043c\u0438\u0440\u043d\u043e\u0432, \u0412.\u0412. \u0411\u0430\u0440\u0437\u0430\u043b\u0438, \u041f.\u0412. \u041b\u0430\u0434\u043d\u043e\u0432 \/\/ \u041d\u043e\u0432\u043e\u0441\u0442\u0438 \u043c\u0430\u0442\u0435\u0440\u0438\u0430\u043b\u043e\u0432\u0435\u0434\u0435\u043d\u0438\u044f. \u041d\u0430\u0443\u043a\u0430 \u0438 \u0442\u0435\u0445\u043d\u0438\u043a\u0430. \u2014 \u2116 2 (14). \u2014 2015. \u2014 \u0421. 23\u201327.<br \/>\n5. 3D Printer Market Sales Will Exceed $14.6 billion in 2019 [electronic resource]. \u2014 Access: http:\/\/blogs.gartner.com\/pete-basiliere\/2015\/09\/29\/3dprintermarket-sales-will-exceed-14-6-billion-in-2019\/.<br \/>\n6. 3D Printing. A patent overview. November 2013. [electronic resource]. \u2014 Access:<br \/>\nhttps:\/\/www.gov.uk\/government\/uploads\/system\/uploads\/attachment_data\/file\/445 232\/3D_Printing_Report.pdf.<br \/>\n7. Chinese Company Builds Houses Quickly With 3D Printing [electronic resource]. \u2014 Access: http:\/\/mashable.com\/2014\/04\/28\/3d-printinghouseschina\/#UPXPvZAbCiqC.<br \/>\n8. \u0427\u0435\u0440\u043d\u0438\u0448\u043e\u0432 \u0421.\u0406. \u041f\u0456\u0434\u0432\u0438\u0449\u0435\u043d\u043d\u044f \u0435\u0444\u0435\u043a\u0442\u0438\u0432\u043d\u043e\u0441\u0442\u0456 \u0456\u043d\u0442\u0435\u0433\u0440\u043e\u0432\u0430\u043d\u0438\u0445 \u0442\u0435\u0445\u043d\u043e\u043b\u043e\u0433\u0456\u0439 \u043f\u043e\u0448\u0430\u0440\u043e\u0432\u043e\u0433\u043e \u0432\u0438\u0440\u043e\u0449\u0443\u0432\u0430\u043d\u043d\u044f \u0432\u0438\u0440\u043e\u0431\u0456\u0432 \u043d\u0430 \u043e\u0441\u043d\u043e\u0432\u0456 \u0441\u0442\u0430\u0442\u0438\u0441\u0442\u0438\u0447\u043d\u043e\u0433\u043e \u043f\u0440\u043e\u0433\u043d\u043e\u0437\u0443\u0432\u0430\u043d\u043d\u044f : \u0434\u0438\u0441. \u2026 \u043a\u0430\u043d\u0434. \u043d\u0430\u0443\u043a: 05.02.08. \u2014 2006.<br \/>\n9. \u0412\u043b\u0430\u0441\u0435\u043d\u043a\u043e \u0412. \u0428\u043a\u0430\u0442\u0443\u043b\u043a\u0430 \u0441 \u0441\u044e\u0440\u043f\u0440\u0438\u0437\u043e\u043c: \u043a\u0430\u043a 3D-\u043f\u0435\u0447\u0430\u0442\u044c \u0432 \u0423\u043a\u0440\u0430\u0438\u043d\u0435 \u0438\u0437 \u0438\u0433\u0440\u0443\u0448\u043a\u0438 \u043f\u0440\u0435\u0432\u0440\u0430\u0442\u0438\u043b\u0430\u0441\u044c \u0432 \u0431\u0438\u0437\u043d\u0435\u0441 [\u042d\u043b\u0435\u043a\u0442\u0440\u043e\u043d\u043d\u044b\u0439 \u0440\u0435\u0441\u0443\u0440\u0441]. \u2014 \u0420\u0435\u0436\u0438\u043c \u0434\u043e\u0441\u0442\u0443\u043f\u0430: https:\/\/daily.rbc.ua\/rus\/show\/shkatulka-syurprizom-3dpechat-ukraine-igrushki1477311053.html.<br \/>\n10. Joan T. Kluger and Andrew Chou 3D printing : Protecting Intellectual property rights. \/ Philadelphia Business Journal. October 31, 2013 [electronic resource]. \u2014 Access: http:\/\/webcache.googleusercontent.com\/search?q=cache:H8DOptCVfcsJ: www.bizjournals.com\/philadelphia\/blog\/guestcomment\/2013\/10\/3d-printingprotecting-intellectual.html+&amp;cd=1&amp;hl=uk&amp;ct=clnk&amp;gl=ua&amp;client=opera.<br \/>\n11. Maya M. Eckstein Let\u2019s look closer at 3D printing and IP issues \/ Inside Counsel Magazin\u0435. February 9, 2016 [electronic resource]. \u2014 Access: http:\/\/www.insidecounsel.com\/2016\/02\/09\/lets-look-closerat-3d-printing-and-ipissues?slreturn=1461486797.<br \/>\n12. 3D Printing and Intellectual Property Law : Key Considerations. April, 2015 [electronic resource]. \u2014 Access:\u00a0http:\/\/www.qlegal.qmul.ac.uk\/docs\/157017.pdf.<br \/>\n13. \u0428\u0442\u0435\u0444\u0430\u043d \u041e.\u041e. \u0417\u0430\u0445\u0438\u0441\u0442 \u043f\u0440\u0430\u0432 \u0456\u043d\u0442\u0435\u043b\u0435\u043a\u0442\u0443\u0430\u043b\u044c\u043d\u043e\u0457 \u0432\u043b\u0430\u0441\u043d\u043e\u0441\u0442\u0456 \u0432 \u0443\u043c\u043e\u0432\u0430\u0445 \u0432\u0438\u043a\u043e\u0440\u0438\u0441\u0442\u0430\u043d\u043d\u044f 3D-\u0442\u0435\u0445\u043d\u043e\u043b\u043e\u0433\u0456\u0439. \u041f\u0440\u0430\u0432\u0430 \u043b\u044e\u0434\u0438\u043d\u0438 \u0432 \u0423\u043a\u0440\u0430\u0457\u043d\u0456 \u0456 \u0441\u0432\u0456\u0442\u0456 : \u043e\u0445\u043e\u0440\u043e\u043d\u0430, \u0440\u0435\u0430\u043b\u0456\u0437\u0430\u0446\u0456\u044f, \u0437\u0430\u0445\u0438\u0441\u0442 : \u043c\u0430\u0442\u0435\u0440\u0456\u0430\u043b\u0438 \u0406\u0406\u0406 \u0412\u0441\u0435\u0443\u043a\u0440\u0430\u0457\u043d\u0441\u044c\u043a\u043e\u0457 \u043d\u0430\u0443\u043a\u043e\u0432\u043e-\u043f\u0440\u0430\u043a\u0442\u0438\u0447\u043d\u043e\u0457 \u043a\u043e\u043d\u0444\u0435\u0440\u0435\u043d\u0446\u0456\u0457 (\u043c. \u041a\u0438\u0457\u0432, 3 \u0433\u0440\u0443\u0434\u043d\u044f 2015 \u0440.) \/ \u041e.\u041e. \u0428\u0442\u0435\u0444\u0430\u043d \/\/ \u041d\u0414\u0406 \u0456\u043d\u0442\u0435\u043b\u0435\u043a\u0442\u0443\u0430\u043b\u044c\u043d\u043e\u0457 \u0432\u043b\u0430\u0441\u043d\u043e\u0441\u0442\u0456 \u041d\u0410\u041f\u0440\u041d \u0423\u043a\u0440\u0430\u0457\u043d\u0438. \u2014 \u041a. : \u0406\u043d\u0442\u0435\u0440\u0441\u0435\u0440\u0432\u0456\u0441, 2015. \u2014 \u0421. 82.<br \/>\n14. Economic Research. Working paper \u211628. 3D Printing and the Intellectual Property System. Stefan Bechtold. Industrial 3D printing. Other IP rights. 2015. \u2014 [electronic resource]. \u2014 Access: http:\/\/www.wipo.int\/edocs\/pubdocs\/en\/wipo_pub_econstat_wp_28.pdf.<br \/>\n15. Japanese man becomes first person to be jailed for making gun with 3D printer [electronic resource]. \u2014 Access:\u00a0http:\/\/www.telegraph.co.uk\/technology\/news\/11187481\/Japanese-man-becomesfirstperson-to-be-jailed-for-making-gun-with-3Dprinter.html.<br \/>\n16. New South Wales, Australia : Parliament passes law banning possession of 3D filed for guns. [electronic resource]. \u2014 Access: https:\/\/3dprint.com\/106940\/australia-ban-3d-files-guns\/.<br \/>\n17. To prawdziwy boom. Do ko\u0144ca tego roku sprzeda\u017c drukarek 3D wzro\u015bnie o 100 procent [electronic resource]. \u2014 Access: http:\/\/next.gazeta.pl\/next\/7,151243,20844612,to-prawdziwy-boom-do-koncategoroku-sprzedaz-drukarek-3d-wzrosnie.html.<\/p>\n","protected":false},"excerpt":{"rendered":"<p>PDF \u0410\u043d\u0434\u0440\u043e\u0449\u0443\u043a \u0413\u0435\u043d\u043d\u0430\u0434\u0456\u0439 \u041e\u043b\u0435\u043a\u0441\u0430\u043d\u0434\u0440\u043e\u0432\u0438\u0447 \u2014 \u043a\u0430\u043d\u0434. \u0435\u043a\u043e\u043d. \u043d\u0430\u0443\u043a, \u0434\u043e\u0446\u0435\u043d\u0442, \u0433\u043e\u043b\u043e\u0432\u043d\u0438\u0439 \u043d\u0430\u0443\u043a\u043e\u0432\u0438\u0439 \u0441\u043f\u0456\u0432\u0440\u043e\u0431\u0456\u0442\u043d\u0438\u043a, \u0437\u0430\u0432\u0456\u0434\u0443\u0432\u0430\u0447 \u043b\u0430\u0431\u043e\u0440\u0430\u0442\u043e\u0440\u0456\u0457 \u043f\u0440\u0430\u0432\u043e\u0432\u043e\u0433\u043e \u0437\u0430\u0431\u0435\u0437\u043f\u0435\u0447\u0435\u043d\u043d\u044f \u0440\u043e\u0437\u0432\u0438\u0442\u043a\u0443 \u043d\u0430\u0443\u043a\u0438 \u0456 \u0442\u0435\u0445\u043d\u043e\u043b\u043e\u0433\u0456\u0439 \u041d\u0414\u0406 \u0456\u043d\u0442\u0435\u043b\u0435\u043a\u0442\u0443\u0430\u043b\u044c\u043d\u043e\u0457 \u0432\u043b\u0430\u0441\u043d\u043e\u0441\u0442\u0456 \u041d\u0410\u041f\u0440\u041d \u0423\u043a\u0440\u0430\u0457\u043d\u0438, \u0432\u0443\u043b. \u041a\u0430\u0437\u0438\u043c\u0456\u0440\u0430 \u041c\u0430\u043b\u0435\u0432\u0438\u0447\u0430, 11, \u043a\u043e\u0440\u043f. 4, \u043c. \u041a\u0438\u0457\u0432, \u0423\u043a\u0440\u0430\u0457\u043d\u0430, 03680; +38 (044) 200-08-76; genandro1@gmail.com \u0410\u0414\u0418\u0422\u0418\u0412\u041d\u0406 \u0422\u0415\u0425\u041d\u041e\u041b\u041e\u0413\u0406\u0407: \u041f\u0415\u0420\u0421\u041f\u0415\u041a\u0422\u0418\u0412\u0418 \u0406 \u041f\u0420\u041e\u0411\u041b\u0415\u041c\u0418 3D-\u0414\u0420\u0423\u041a\u0423\u00a0(\u0406\u0406 \u0427\u0410\u0421\u0422\u0418\u041d\u0410) \u0420\u0435\u0437\u044e\u043c\u0435. \u0410\u0434\u0438\u0442\u0438\u0432\u043d\u0456 \u0442\u0435\u0445\u043d\u043e\u043b\u043e\u0433\u0456\u0457 \u0430\u0431\u043e \u0442\u0435\u0445\u043d\u043e\u043b\u043e\u0433\u0456\u0457 \u043f\u043e\u0448\u0430\u0440\u043e\u0432\u043e\u0433\u043e \u0441\u0438\u043d\u0442\u0435\u0437\u0443, 3D\u0434\u0440\u0443\u043a \u2013 &hellip; <\/p>\n<p><a class=\"more-link btn\" href=\"https:\/\/nti.ukrintei.ua\/?page_id=954\">Continue reading<\/a><\/p>\n","protected":false},"author":3,"featured_media":0,"parent":0,"menu_order":0,"comment_status":"closed","ping_status":"closed","template":"","meta":[],"_links":{"self":[{"href":"https:\/\/nti.ukrintei.ua\/index.php?rest_route=\/wp\/v2\/pages\/954"}],"collection":[{"href":"https:\/\/nti.ukrintei.ua\/index.php?rest_route=\/wp\/v2\/pages"}],"about":[{"href":"https:\/\/nti.ukrintei.ua\/index.php?rest_route=\/wp\/v2\/types\/page"}],"author":[{"embeddable":true,"href":"https:\/\/nti.ukrintei.ua\/index.php?rest_route=\/wp\/v2\/users\/3"}],"replies":[{"embeddable":true,"href":"https:\/\/nti.ukrintei.ua\/index.php?rest_route=%2Fwp%2Fv2%2Fcomments&post=954"}],"version-history":[{"count":2,"href":"https:\/\/nti.ukrintei.ua\/index.php?rest_route=\/wp\/v2\/pages\/954\/revisions"}],"predecessor-version":[{"id":956,"href":"https:\/\/nti.ukrintei.ua\/index.php?rest_route=\/wp\/v2\/pages\/954\/revisions\/956"}],"wp:attachment":[{"href":"https:\/\/nti.ukrintei.ua\/index.php?rest_route=%2Fwp%2Fv2%2Fmedia&parent=954"}],"curies":[{"name":"wp","href":"https:\/\/api.w.org\/{rel}","templated":true}]}}